oes 23 divide 236?
False
Is 2408 a multiple of 71?
False
Is 4877 a multiple of 37?
False
Is 61498 a multiple of 97?
True
Does 7 divide 101339?
True
Is 116 a factor of 696?
True
Is 35 a factor of 34208?
False
Is 77 a factor of 7777?
True
Does 276 divide 28704?
True
Is 534 even?
True
Is 29 a factor of 2175?
True
Is 43433 a multiple of 13?
True
Is 9447 a multiple of 47?
True
Does 15 divide 3150?
True
Is 14 a factor of 576?
False
Does 3 divide 502?
False
Is 15678 a multiple of 247?
False
Does 14 divide 35980?
True
Is 55 a factor of 10560?
True
Does 36 divide 2042?
False
Is 64887 a multiple of 56?
False
Is 12397 a multiple of 41?
False
Does 86 divide 3966?
False
Is 6108 a multiple of 2?
True
Is 106 a factor of 51090?
False
Is 34677 a multiple of 80?
False
Is 9 a factor of 2509?
False
Is 5 a factor of 1503?
False
Is 44 a factor of 1100?
True
Is 169 a multiple of 5?
False
Does 8 divide 1152?
True
Does 20 divide 475?
False
Is 15 a factor of 109095?
True
Does 70 divide 7980?
True
Does 153 divide 50490?
True
Is 64 a factor of 192?
True
Is 81 a factor of 3655?
False
Does 10 divide 998?
False
Is 44 a factor of 1154?
False
Is 103 a multiple of 3?
False
Does 2 divide 16?
True
Is 16 a factor of 1430?
False
Does 30 divide 495?
False
Is 20 a factor of 13129?
False
Does 7 divide 278?
False
Is 6392 a multiple of 57?
False
Does 52 divide 1310?
False
Is 3263 a multiple of 3?
False
Is 26 a multiple of 13?
True
Does 146 divide 11680?
True
Is 4785 a multiple of 33?
True
Does 22 divide 968?
True
Does 4 divide 24?
True
Is 17949 a multiple of 3?
True
Does 10 divide 1586?
False
Is 806 a multiple of 31?
True
Is 8976 a multiple of 24?
True
Is 5184 a multiple of 133?
False
Is 105 a multiple of 67?
False
Does 64 divide 11840?
True
Does 22 divide 68310?
True
Is 182 a multiple of 26?
True
Is 2 a factor of 138?
True
Is 11 a factor of 242?
True
Does 126 divide 8468?
False
Is 2600 a multiple of 34?
False
Is 195 a factor of 42705?
True
Is 42 a factor of 8190?
True
Is 11370 a multiple of 30?
True
Is 3173 a multiple of 19?
True
Is 6658 a multiple of 273?
False
Is 107809 a multiple of 13?
True
Is 34 a factor of 816?
True
Is 4827 a multiple of 3?
True
Does 33 divide 887?
False
Is 24 a factor of 10215?
False
Is 5258 a multiple of 16?
False
Is 105 a factor of 36257?
False
Is 147 a factor of 66591?
True
Is 4754 a multiple of 4?
False
Is 12 a factor of 356?
False
Is 8773 a multiple of 13?
False
Is 15 a factor of 746?
False
Does 29 divide 22516?
False
Is 26 a factor of 312?
True
Does 3 divide 675?
True
Does 84 divide 13692?
True
Is 267 a multiple of 23?
False
Is 19 a multiple of 6?
False
Is 145 a multiple of 5?
True
Does 21 divide 3045?
True
Is 32 a factor of 47?
False
Does 12 divide 144?
True
Does 28 divide 2436?
True
Does 114 divide 26223?
False
Is 131 a factor of 2026?
False
Is 14100 a multiple of 12?
True
Is 303 a multiple of 33?
False
Does 179 divide 514?
False
Is 69 a factor of 2277?
True
Is 104 a factor of 3120?
True
Is 37 a factor of 3470?
False
Is 61207 a multiple of 17?
False
Is 33 a factor of 2343?
True
Is 19 a factor of 1881?
True
Is 8 a factor of 1163?
False
Is 19 a factor of 2463?
False
Is 60 a factor of 69240?
True
Is 3 a factor of 13?
False
Is 36484 a multiple of 31?
False
Is 20 a factor of 11700?
True
Is 79 a factor of 395?
True
Is 107 a factor of 46440?
False
Does 14 divide 10704?
False
Is 49 a factor of 53900?
True
Is 6 a factor of 409?
False
Does 5 divide 35?
True
Is 31 a factor of 9176?
True
Is 7 a factor of 52?
False
Is 13 a factor of 2860?
True
Does 10 divide 360?
True
Is 46 a factor of 22568?
False
Is 999 a multiple of 12?
False
Does 24 divide 9756?
False
Is 29 a factor of 16997?
False
Does 6 divide 1596?
True
Is 363 a multiple of 33?
True
Is 74 a factor of 148?
True
Does 71 divide 8662?
True
Does 60 divide 7860?
True
Is 12 a factor of 1416?
True
Is 16 a factor of 9920?
True
Does 15 divide 98?
False
Does 9 divide 109188?
True
Is 88 a multiple of 8?
True
Is 12 a factor of 828?
True
Is 80 a multiple of 40?
True
Does 4 divide 906?
False
Is 38 a factor of 3100?
False
Is 892 a multiple of 7?
False
Is 13 a factor of 5096?
True
Is 3 a factor of 269?
False
Is 510 a multiple of 15?
True
Is 124 a multiple of 9?
False
Is 1266 a multiple of 6?
True
Is 3 a factor of 759?
True
Is 76 a factor of 3708?
False
Is 4309 a multiple of 3?
False
Does 123 divide 10254?
False
Is 8060 a multiple of 20?
True
Is 182951 a multiple of 76?
False
Is 1102 a multiple of 38?
True
Is 23253 a multiple of 169?
False
Is 8 a factor of 20410?
False
Is 55 a multiple of 11?
True
Is 91 a factor of 1456?
True
Is 1299 a multiple of 2?
False
Does 14 divide 13719?
False
Does 17 divide 1067?
False
Is 59 a factor of 767?
True
Is 10 a factor of 7430?
True
Does 11 divide 629?
False
Is 2295 a multiple of 48?
False
Does 255 divide 41149?
False
Does 49 divide 441?
True
Is 6571 a multiple of 10?
False
Does 7 divide 18745?
False
Is 630 a multiple of 19?
False
Is 128 a multiple of 16?
True
Is 179 a factor of 7800?
False
Does 8 divide 9259?
False
Is 16 a factor of 1024?
True
Is 4640 a multiple of 8?
True
Is 27660 a multiple of 4?
True
Is 448 a multiple of 3?
False
Is 26 a factor of 40872?
True
Is 22727 a multiple of 24?
False
Is 8265 a multiple of 63?
False
Does 78 divide 1560?
True
Does 10 divide 290?
True
Is 98 a factor of 3528?
True
Is 477 a multiple of 3?
True
Is 54 a factor of 229?
False
Is 175 a factor of 21875?
True
Does 55 divide 83?
False
Does 2 divide 346?
True
Does 22 divide 960?
False
Does 24 divide 4944?
True
Does 13 divide 2563?
False
Is 47 a factor of 2669?
False
Is 24 a factor of 2256?
True
Is 12 a factor of 4394?
False
Is 12 a factor of 2233?
False
Is 88 a factor of 704?
True
Is 21 a factor of 21?
True
Is 10 a factor of 14700?
True
Is 642 a multiple of 18?
False
Is 13821 a multiple of 6?
False
Is 13 a factor of 637?
True
Is 554 a multiple of 23?
False
Is 9 a factor of 145?
False
Does 7 divide 28728?
True
Does 10 divide 2720?
True
Does 210 divide 15888?
False
Is 2404 a multiple of 53?
False
Does 153 divide 44829?
True
Is 168 a multiple of 8?
True
Is 106 a factor of 4654?
False
Is 1120 a multiple of 32?
True
Is 49 a factor of 365?
False
Does 245 divide 75826?
False
Does 52 divide 5048?
False
Is 301 a multiple of 7?
True
Does 179 divide 12888?
True
Is 57 a factor of 77919?
True
Is 679 a multiple of 9?
False
Does 17 divide 663?
True
Does 27 divide 189?
True
Does 3 divide 27049?
False
Is 17 a factor of 5116?
False
Is 1176 a multiple of 27?
False
Is 984 a multiple of 46?
False
Is 28 a factor of 10680?
False
Does 31 divide 124?
True
Is 15 a factor of 389?
False
Does 32 divide 20909?
False
Does 22 divide 6556?
True
Does 78 divide 57041?
False
Does 13 divide 14457?
False
Is 490 a multiple of 14?
True
Is 3 a factor of 1215?
True
Is 61 a factor of 793?
True
Does 19 divide 2660?
True
Does 5 divide 2089?
False
Is 91528 a multiple of 17?
True
Does 10 divide 458?
False
Does 21 divide 2226?
True
Is 21 a factor of 12843?
False
Is 112 a factor of 5940?
False
Is 1019 a multiple of 6?
False
Is 3033 a multiple of 8?
False
Is 297 a multiple of 9?
True
Does 9 divide 4009?
False
Does 24 divide 3048?
True
Is 15 a factor of 21405?
True
Is 756 a multiple of 5?
False
Is 130 a multiple of 26?
True
Does 22 divide 7458?
True
Is 22 a factor of 66?
True
Is 23 a factor of 27079?
False
Is 27 a factor of 1010?
False
Is 2 a factor of 5287?
False
Does 45 divide 1080?
True
Is 2746 a multiple of 3?
False
Does 200 divide 14601?
False
Does 5 divide 1992?
False
Does 110 divide 7920?
True
Is 1164 a multiple of 97?
True
Is 6871 a multiple of 29?
False
Is 8 a factor of 2112?
True
Is 612 a multiple of 25?
False
Is 171 a factor of 12654?
True
Is 3344 a multiple of 16?
True
Does 7 divide 136?
False
Is 595 a multiple of 15?
False
Is 8 a factor of 880?
True
Is 1197 a multiple of 2?
False
Is 29 a factor of 88245?
False
Is 2134 a multiple of 97?
True
Does 8 divide 51249?
False
Is 12 a factor of 11556?
True
Is 48067 a multiple of 85?
False
Is 89 a factor of 21983?
True
Is 5429 a multiple of 6?
False
Is 567 a multiple of 22?
False
Is 7 a factor of 23304?
False
Is 4 a factor of 743?
False
Does 2 divide 194?
True
Does 13 divide 286?
True
Is 38 a factor of 9994?
True
Does 8 divide 1805?
False
Is 25 a factor of 984?
False
Is 9 a factor of 54?
True
Is 281 a mul